m be f(-17). Let j(x) = 14*x - 28. What is the hundreds digit of j(m)?
1
Let z(u) = u**2 - 44*u + 70. What is the units digit of z(-21)?
5
Let m be (2/7)/((-19)/(-133)). Suppose -m*a + 121 = -17. What is the tens digit of a?
6
Suppose 31*d - 23*d = 0. Let g(o) = -2*o**2 + 2*o + 225. What is the hundreds digit of g(d)?
2
Let w(x) = x**3 - 25*x**2 - 28*x - 42. Let n be w(26). Let m = 501 + n. What is the units digit of m?
7
Let z(a) = -24*a + 8*a + 34 + 4*a. Let t be z(-12). Suppose 2*d - 3*b = 356, -d = -4*b + 3*b - t. What is the tens digit of d?
7
Let x(l) = 526*l + 179. What is the hundreds digit of x(2)?
2
Suppose 94*k - 47202 = 55822. What is the hundreds digit of k?
0
Let y(m) = 422*m**3 + 29*m**2 - 13*m - 1. What is the thousands digit of y(2)?
3
What is the tens digit of ((-217)/(-2) + 1)/(639/47712)?
7
Let p(r) = 110*r - 24. Let z be p(-5). Let c = z + 1031. What is the hundreds digit of c?
4
What is the hundreds digit of 2/8 + 5562756/432?
8
Let l(d) = -7*d**3 - 6*d**2 - 10*d + 4. Let j(t) = -t**3 - t**2 - t. Let g(p) = -6*j(p) + l(p). Let c be g(-4). Let m = c - -15. What is the tens digit of m?
9
Suppose 18*g - 202196 - 67218 + 24236 = 0. What is the ten thousands digit of g?
1
Suppose -60*v + 4*q - 45358 = -62*v, -3*v = -3*q - 68001. What is the thousands digit of v?
2
Let n(v) = 295*v**2 - 382*v - 66. What is the hundreds digit of n(14)?
4
Let p(a) = 48*a**2 + 15*a + 11. Suppose -18*v + 32*v - 70 = 0. What is the thousands digit of p(v)?
1
Let l = -950 + 1944. Suppose 180 = 4*o - k + 971, l = -5*o + 3*k. Let v = o - -328. What is the hundreds digit of v?
1
Let i be 25 + -19 + (-1)/1. Suppose -26 = -3*o - 5*v, i*o + v = -0*v + 14. Suppose -o*t = 194 - 740. What is the tens digit of t?
7
Suppose 3*j - 46 = 110. Suppose g = j*f - 49*f - 27, -3*f = g - 21. What is the units digit of f?
8
Suppose -4*t = 5*a - 20, -2*t + a = -7 - 3. Suppose -4*l + t*y + 4194 = 0, 4*l + 5*y - 92 = 4122. What is the units digit of l?
1
Let a = 3869 - 6456. Let i = a + 3839. What is the tens digit of i?
5
Let f be (3736/10)/(1/(5/2)). Suppose 0 = -3*i + 3*k + 1125, 3*i - 2*k - f - 194 = 0. Suppose -i - 212 = -5*n. What is the units digit of n?
8
Let q be (-2 + (-2 - 0 - -4))/2. Let h = q - -5. Suppose 0 = 2*x - k - 96, -3*x - 90 = -h*x + 4*k. What is the tens digit of x?
4
Let v be 10/(-25)*-10 - 36. Let h = -34 - v. What is the units digit of (-2)/11 + (15090/(-55))/h?
7
Let b(a) = -a**2 - 11*a - 10. Let y be b(-6). Suppose 414 - 4654 = -y*p. What is the hundreds digit of p?
2
What is the units digit of (-449628)/(-21) + 20 + (-146)/7?
0
Suppose 0 = -5*o + 4*o + 5. Suppose -2*m + 1 = -o*m - w, 4 = -4*m - 4*w. Suppose m = -17*b + 20*b - 273. What is the tens digit of b?
9
Let a(i) = -i**3 - 46*i**2 - 36*i - 73. What is the hundreds digit of a(-50)?
7
Let k(s) = 8*s**2 - 44*s + 13. What is the thousands digit of k(26)?
4
What is the ten thousands digit of 621478/(-1599)*(-219)/2?
4
Suppose -127*q - 7840 = -117*q. Let y = 77 - q. What is the units digit of y?
1
Let j = -231 + 386. Let i = j + -152. Suppose -i*o = 3*g - 2*g - 155, 5*o - 477 = -3*g. What is the hundreds digit of g?
1
Let z be 3/12 - 33732/(-48). Suppose -3*v = -2*s - z - 679, 0 = -5*v - 2*s + 2314. What is the tens digit of v?
6
Suppose 0 = -8*t + 13*t - 5960. Let o = 766 - t. What is the units digit of (-5)/2*o/15?
1
Let r be 775655/(-35) - 21/49. What is the thousands digit of (-1)/10 - r/20?
1
Let m be (-110)/(-130) - 2/(-13). Let y be (7 - 7)/(-2 + m). Suppose y = z - 2*z + 60. What is the units digit of z?
0
Let f = 2370 + 4823. What is the tens digit of f?
9
Suppose -2*p = -3*o - 2549 - 3672, -5*p + 3*o + 15539 = 0. What is the hundreds digit of p?
1
Let g(t) = 120*t**2 + 2*t - 8. Let f(w) = 240*w**2 + 3*w - 16. Let m(h) = 4*f(h) - 7*g(h). What is the hundreds digit of m(-2)?
4
Let g(v) = -4*v**2 + 0 - 13 + 3*v + 0*v**2 + 6*v**2. Let f = 204 + -209. What is the tens digit of g(f)?
2
Let a(i) = 11*i + 1. Let n be a(2). Let l(h) = h**3 - 24*h**2 + 22*h + 26. Let o be l(n). What is the tens digit of o*(-2)/2 - -221?
1
Suppose -2*t = -s + 38499, 742*s - 747*s + 192378 = 3*t. What is the thousands digit of s?
8
Suppose 4*p = -3*r + 35 + 17, p = 1. Suppose r*c - 13841 + 3425 = 0. What is the tens digit of c?
5
Let b = -42 + 47. Suppose -5*z + 25 = b. Suppose -z*y - 406 = -4*u - 50, 4*y - 295 = -3*u. What is the tens digit of u?
9
Suppose 0 = c - 5*n + 549, c + c + n + 1098 = 0. What is the units digit of 0 - 1 - (c + 29)?
9
Let s(c) = c**2 + 3*c - 3. Let a(l) = -3*l + 20. Let f be a(10). Let p be -4 + 0 - (f - 1). What is the tens digit of s(p)?
6
Let o = -150 + 155. Let g(c) = c + 10. Let x be g(-5). Suppose -4*n + 270 = -i - 125, o*n + x*i - 475 = 0. What is the tens digit of n?
9
Suppose -684*m + 689*m = -5*n + 119420, 4*n = -m + 23866. What is the hundreds digit of m?
8
Suppose -5*l - 713 = -28*l. Suppose l*d - 2424 = 28*d - 3*q, -2*q - 10 = 0. What is the hundreds digit of d?
8
Let j(f) = -47*f + 5. Let k = 28 + -26. Suppose 2*c + 2*o - 2 = -k*o, c = -3*o + 2. What is the units digit of j(c)?
2
Let k(r) = -r**3 + 12*r**2 + 10*r - 13. Let u be k(13). Let x = 174 + u. What is the units digit of x?
2
Let o be (1 - (-4 + 1 + 1)) + 0. Let d be -1 + 12/9 + (-10)/o. Let k(u) = 22*u**2 + 6*u + 4. What is the units digit of k(d)?
4
What is the tens digit of -7 + (-2282510)/(-55) - 12/66?
9
Let d(z) be the first derivative of 3*z**2 + 74 - 6*z + 65*z + 72 - 137. What is the tens digit of d(25)?
0
Suppose -3 = -3*s, 0 = 154*h - 149*h - 4*s + 4. Suppose h = -8*v + 20*v - 16752. What is the units digit of v?
6
Suppose g - 3*t - 24242 = 0, -7*g + 258042 = t + 88480. What is the thousands digit of g?
4
Suppose -8*f - x + 1 = -7*f, x = 2*f - 14. What is the units digit of f?
5
Let q(r) = 53*r**3 + 10*r**2 - 80*r + 303. What is the ten thousands digit of q(6)?
1
Let r = -19 + 34. Let g = -11 + r. Suppose -64 + 4 = -g*y. What is the units digit of y?
5
Let a = -134 + 142. Suppose -a*r = -5*r + r. Let l(u) = 3*u + 225. What is the tens digit of l(r)?
2
Let i(m) = -3*m**3 - 19*m**2 + 26*m - 28. Let t be i(-10). Suppose 648 = 4*v + 4*l, 4*l - t = 3*v - 8*v. What is the units digit of v?
4
Let i(c) = c + 23. Let y be i(-19). Suppose 2*u = -y*g + 238, -g = 3*u + u - 49. Let j = g - 56. What is the units digit of j?
5
Let f = -3810 + 3934. What is the hundreds digit of f?
1
Let w(o) = -2*o - 7. Suppose -3*b + 25 = -20. Suppose 17*l + 26 = b*l. What is the units digit of w(l)?
9
Let n(j) = 2*j + 63. Let y be n(-29). Suppose y*d + 10 = 4*l, 2*d - 2*l + 2 + 4 = 0. What is the hundreds digit of (d - (-614 - 2))*2/6?
2
Let q = 28314 - 19023. What is the units digit of q?
1
Let f be (4/(16/4))/((-1)/(-3)). Suppose 0 = f*h - 18 - 3. Suppose -372 = -h*z + 4*z - 3*o, -z = -3*o - 128. What is the tens digit of z?
2
Let c(t) = 10*t - 15. Let m be c(6). Suppose 2*w = -5*i + m, -2*i - 5*w + 24 = -3*w. Suppose -29 = i*z - 1506. What is the tens digit of z?
1
Suppose -7 = -i + j, -j = -i - 3*j + 10. Let s be 4/i*-6 + -322. Let r = s - -570. What is the units digit of r?
5
Suppose 2*f - 3*h = -0 + 23, -4*h - 12 = 2*f. Suppose 3*b = -4*u + 5*b - 132, b + 132 = -f*u. Let w = 55 + u. What is the tens digit of w?
2
Let w be ((-4)/(-14))/(17/238). Let v = w - 7. What is the units digit of 2/3 + (-1)/v?
1
Let c(g) = 4*g**2 + 277*g - 272. What is the hundreds digit of c(46)?
9
Suppose -3061*d - 213552 = -3085*d. What is the thousands digit of d?
8
Suppose -2*a + 120 = a. Let v = a - 38. Suppose -v*b = -109 - 41. What is the tens digit of b?
7
Let z = 178 - 175. Suppose -813 = -o + 5*y - 329, 4*o - z*y - 1919 = 0. What is the units digit of o?
9
Suppose -26*g + 27*g - 28769 = -4*z, 3*z + 2*g = 21578. What is the tens digit of z?
9
Suppose 13*k + 29369 = 3*t + 12*k, 13*k = -65. What is the thousands digit of t?
9
Let b = 16120 + -9705. What is the hundreds digit of b?
4
Let s(w) = 79 + 26 - 10*w + 4*w**2 + 94*w. What is the thousands digit of s(-33)?
1
Suppose 54*t - 5607 = 81512 + 5329. What is the hundreds digit of t?
7
Suppose -4*y - u + 234 = 0, 6*y = 4*y + 4*u + 126. Let m = 95 - y. Let l = 43 - m. What is the units digit of l?
7
Let x(t) = 16*t**2 - 4*t + 2. Let u(y) = 31*y**2 - 9*y + 5. Let w(m) = 3*u(m) - 7*x(m). Let f be w